c(25).
-50
Let p(k) = -6*k**3 + k**2 + 262*k - 541. What is p(2)?
-61
Let j(t) = -18*t**2 + 530*t - 585. Calculate j(32).
-2057
Let j(f) = 6*f**2 - 575*f - 2199. Determine j(96).
-2103
Let p(m) = 219*m**2 + 71392*m - 649. Determine p(-326).
3
Let s(y) = 80*y - 2547. What is s(43)?
893
Let j(v) = 4*v**2 - 798*v + 16912. Determine j(24).
64
Let v(z) = z**3 - 4*z**2 - 86*z - 168. Calculate v(12).
-48
Let j(m) = -m**3 + 6*m**2 + 296*m + 50. Determine j(24).
-3214
Let m(n) = -n**2 - 28382*n + 2933997. Calculate m(103).
42
Let m(y) = 96*y**2 + 9299*y + 82390. What is m(-87)?
1
Let w(u) = u**2 + 12*u - 3348. Calculate w(62).
1240
Let p(y) = 2*y**2 + 675*y - 405265. Determine p(312).
23
Let p(i) = -7*i**2 - 8248*i - 16468. Calculate p(-2).
0
Let r(d) = -270*d**2 + 519*d + 19. What is r(2)?
-23
Let i(s) = 17*s**3 + 200*s**2 + 3474*s + 42259. Give i(-12).
-5
Let n(r) = 301*r + 23226. Calculate n(-70).
2156
Let b(a) = 21*a**2 + 69*a + 219. Give b(-5).
399
Let p(m) = 2*m**2 - 566*m - 935. Calculate p(284).
-367
Let k(l) = l**2 - 3261*l - 1427931. Calculate k(-391).
1
Let f(h) = 3*h**3 - 393*h**2 + 2962*h - 1232. What is f(123)?
-2
Let r(j) = 659*j**2 + 3469*j - 3466. Give r(1).
662
Let z(y) = 16660*y - 2015863. Give z(121).
-3
Let u(c) = -708*c + 155753. Determine u(220).
-7
Let k(f) = -9359*f - 65620. Determine k(-7).
-107
Let l(t) = -3*t**2 - 148*t - 1646. Give l(-50).
-1746
Let l(a) = -a**3 + 97*a**2 - 1475*a - 568. Determine l(78).
-22
Let g(z) = -19*z**3 + z**2 - z - 2. Give g(-3).
523
Let y(k) = -978*k - 306107. Calculate y(-313).
7
Let u(k) = k**3 + 135*k**2 - 671*k + 173. Calculate u(-140).
-3887
Let t(b) = -b**3 + 129*b**2 + 545*b - 1777. What is t(133)?
-48
Let v(b) = 503*b**2 - 33706*b + 348. Determine v(67).
13
Let z(k) = 99198*k - 1388380. Determine z(14).
392
Let r(l) = -533*l + 5766. Determine r(10).
436
Let h(q) = q**3 + 13*q**2 - 15*q - 66. Give h(-5).
209
Let l(t) = -9*t**2 + 1156*t - 18179. What is l(16)?
-1987
Let i(x) = -975*x + 15295. Determine i(16).
-305
Let o(p) = 2*p**2 - 1673*p - 51375. What is o(-29)?
-1176
Let v(u) = 5504*u - 192445. What is v(35)?
195
Let l(m) = 1414*m + 71537. Calculate l(-50).
837
Let x(a) = a**3 - 23*a**2 - 81*a + 218. Calculate x(26).
140
Let p(w) = -3*w**3 + 8*w**2 + 77*w + 30. Determine p(-5).
220
Let m(j) = 2*j**2 + 40878*j + 490247. Calculate m(-12).
-1
Let g(x) = -2*x**2 - 291*x - 10103. What is g(-88)?
17
Let r(d) = -11*d**2 - 267*d - 1748. Determine r(-6).
-542
Let t(o) = 23*o**3 - 101*o**2 - 7*o + 6. Calculate t(3).
-303
Let d(v) = v**3 + 22*v**2 - 2373*v - 126. Give d(39).
108
Let y(r) = r**3 - 12*r**2 + r - 2546. Calculate y(19).
0
Let z(p) = -p**3 + 8*p**2 - 312*p + 2530. Give z(10).
-790
Let a(s) = -3*s**3 - 118*s**2 - 233*s + 69. Calculate a(-37).
-893
Let b(c) = 167*c + 54240. What is b(-325)?
-35
Let v(g) = 90602*g - 271808. Give v(3).
-2
Let o(q) = -q**3 + 129*q**2 + 549*q - 686. Give o(133).
1575
Let n(d) = -d**2 - 14603*d + 909124. What is n(62)?
-106
Let s(j) = -2*j**3 + 2409*j**2 + 205524*j + 333. Calculate s(-80).
13
Let a(y) = -y**3 - 6*y**2 + 25356*y + 76089. Give a(-3).
-6
Let n(a) = -3180*a - 19095. Give n(-6).
-15
Let b(u) = 70*u - 2417. Determine b(4).
-2137
Let d(l) = 40349*l - 242078. What is d(6)?
16
Let d(g) = g**2 + 359*g + 31532. Determine d(-207).
68
Let j(v) = -v**3 - 23*v**2 - 46*v + 235. Determine j(-5).
15
Let b(y) = -220456*y - 100087027. Give b(-454).
-3
Let w(x) = 781*x - 2147. What is w(3)?
196
Let w(q) = -11*q**3 + 2*q**2 + 3*q + 169. What is w(6)?
-2117
Let j(o) = 3*o**3 + 1544*o**2 + 3997*o - 50687. What is j(-512)?
1
Let j(n) = -n**3 + 45*n**2 + 170*n + 592. Give j(50).
-3408
Let p(i) = 8678*i + 182192. Calculate p(-21).
-46
Let n(l) = 37056*l + 36776. Calculate n(-1).
-280
Let c(s) = s**3 - 36*s**2 - 153*s + 9. Give c(40).
289
Let n(o) = 7*o**3 - 44*o**2 + 102*o - 268. Calculate n(5).
17
Let m(r) = -8*r**2 - 60*r + 470. Give m(-11).
162
Let k(a) = -198*a**2 + 101375*a + 536. Give k(512).
24
Let n(d) = -66*d**2 - 3296*d - 28. What is n(-50)?
-228
Let p(c) = c**2 + 461*c - 131354. Determine p(199).
-14
Let m(t) = -2*t**3 + 36*t**2 - 220*t + 3134. What is m(17)?
-28
Let a(g) = g**3 - 167*g**2 - 5802*g + 3241. Determine a(-30).
1
Let r(m) = m**3 + 46*m**2 - 187*m + 51. Give r(-50).
-599
Let j(c) = c**2 + 655*c - 46798. Determine j(65).
2
Let t(r) = 7*r**2 - 8*r - 688. What is t(11)?
71
Let c(r) = 101*r + 3025. What is c(-29)?
96
Let t(i) = -15661*i + 234945. Give t(15).
30
Let n(d) = 39*d - 640. What is n(-13)?
-1147
Let a(y) = 2*y**3 + 14*y**2 - 77*y - 475. What is a(-9)?
-106
Let m(z) = -24*z**2 + 2259*z + 1407. Give m(95).
-588
Let c(p) = -519*p + 11912. Calculate c(23).
-25
Let q(s) = -895*s + 188850. Determine q(211).
5
Let o(s) = 2*s**2 + 3487*s - 1. Determine o(0).
-1
Let g(i) = -i**3 - 219*i**2 - 5352*i - 149. What is g(-28)?
-37
Let u(z) = -2*z**2 + 191*z + 35639. Determine u(-94).
13
Let n(j) = j**2 - 813*j - 107762. Calculate n(-116).
2
Let b(w) = 9*w**3 + 106*w**2 - 173*w - 1772. Calculate b(-12).
16
Let i(v) = -10*v + 909. Give i(-23).
1139
Let w(n) = -2*n**2 + 82356*n - 1399475. Give w(17).
-1
Let w(j) = -11*j**3 - 597*j**2 - 171*j + 7. Determine w(-54).
493
Let k(b) = -b**3 - 3*b**2 + 1191*b + 117. Give k(-36).
9
Let o(x) = -2*x**3 + 10*x**2 - 249*x + 713. Determine o(3).
2
Let z(w) = -6*w**2 - 335*w + 97. Give z(-54).
691
Let x(s) = -89*s**2 + 92*s + 263. Calculate x(-3).
-814
Let g(w) = 605*w**2 - 21170*w + 86. Calculate g(35).
261
Let l(j) = 1340*j - 56353. Determine l(42).
-73
Let p(r) = -r**2 - 71*r + 6860. Determine p(-125).
110
Let r(j) = 350*j + 577. Calculate r(-1).
227
Let q(f) = -16315*f - 195753. Determine q(-12).
27
Let s(z) = 3112*z - 15479. What is s(5)?
81
Let y(m) = -m**3 + 47*m**2 + 102*m - 305. Determine y(49).
-109
Let t(u) = 44897*u - 3277488. Calculate t(73).
-7
Let d(v) = -4*v**3 + 27*v**2 - 75*v + 191. Determine d(5).
-9
Let i(m) = -6*m**2 + 175*m - 1041. Calculate i(21).
-12
Let q(r) = 10*r**3 - 4596*r**2 + 2753*r + 412. What is q(459)?
-47
Let j(m) = 187*m + 12585. Give j(-68).
-131
Let m(l) = 13276*l + 172588. Give m(-13).
0
Let v(x) = 1177*x + 142477. Calculate v(-121).
60
Let v(x) = 38*x**2 + 1488*x - 203. What is v(-39)?
-437
Let g(l) = -36383*l - 654907. Determine g(-18).
-13
Let q(j) = 28602*j - 85939. What is q(3)?
-133
Let v(l) = 12*l**2 + 527*l + 4918. Give v(-30).
-92
Let p(i) = -1492*i + 88049. Calculate p(59).
21
Let o(n) = 12*n**2 + 442*n + 1811. Give o(-4).
235
Let n(v) = 13*v**2 + 66*v - 371. Determine n(5).
284
Let u(l) = -42*l**2 + 37712*l + 75419. What is u(-2)?
-173
Let f(m) = 6*m**2 + 683*m - 6306. Determine f(9).
327
Let n(k) = -11377*k + 52. Determine n(0).
52
Let z(s) = -2*s**3 - 98*s**2 + 111*s + 549. Give z(-50).
-1
Let r(p) = -2*p**2 + 94*p + 1356. What is r(-19)?
-1152
Let b(c) = -c**3 - 56*c**2 - 235*c - 13025. Give b(-56).
135
Let w(g) = g**3 - 39*g**2 + 50*g + 115. What is w(37)?
-773
Let a(j) = 7*j**2 - 165*j - 1432. Determine a(30).
-82
Let t(f) = -6*f**3 + 49*f**2 - 180*f - 58. What is t(4)?
-378
Let m(y) = y**3 - 40*y**2 + 44*y + 1918. Give m(38).
702
Let x(a) = a**3 - 443*a**2 - 2664*a - 13468. What is x(449)?
2
Let q(b) = -27*b**3 - 2*b**2 - b + 2. Give q(1).
-28
Let f(o) = 15*o**2 + 4618*o + 4618. Calculate f(-1).
15
Let n(b) = 14054*b**2 - 182704*b + 22. Give n(13).
-4
Let w(s) = 5*s**2 + 45686*s - 457361. What is w(10)?
-1
Let o(u) = -2*u**3 + 203*u**2 + 103*u - 16. What is o(102)?
86
Let d(j) = 2*j**3 - 720*j**2 + 9615*j + 1035. What is d(14)?
13
Let h(a) = 1820131*a - 16381178. Determine h(9).
1
Let v(h) = 21793*h - 544805. Give v(25).
20
Let p(r) = r**2 + 90*r + 1626. Determine p(-66).
42
Let a(d) = -121*d**2 - 2*d + 207. What is a(0)?
207
Let p(g) = 4233*g - 110284. Calculate p(26).
-226
Let x(q) = q**3 - 31*q**2 - 194*q + 5272. Calculate x(32).
88
Let o(d) = -d**3 + 16*d**2 - 50*d + 1226. Determine o(17).
87
Let r(m) = -m**3 + 112*m**2 + 74*m + 31207. What is r(115)?
42
Let g(o) = 437*o - 4545. Determine g(11).
262
Let q(x) = 4*x**3 - 215*x**2 + 176*x - 571. Calculate q(53).
330
Let m(h) = 3*h**3 - 12*h**2 - 117*h - 1. Give m(0).
-1
Let i(k) = 3*k**3 + 65*k**2 + 333*k - 220. Determine i(-11).
-11
Let l(o) = -2*o**3 - 493*o**2 - 17014*o + 210. What is l(-205)?
5
Let v(b) = -8